 d - 1 = 2*f. Determine w(f).
1
Let i(r) be the second derivative of -r**4/6 + r**3/6 + 9*r. Give i(1).
-1
Suppose -2*m + 4 = -4*m, -2*x + 5*m = -18. Let y = -6 - -9. Let w(q) = x*q - 7 + y*q - 4*q - 2*q + q**3 + q**2. What is w(0)?
-7
Suppose -13*c - 9 = -22. Let d(j) be the third derivative of -j**5/15 + j**3/6 + j**2. What is d(c)?
-3
Let k(m) = 0 - 3 - m + 2. What is k(4)?
-5
Suppose -7*s + 6*s = 7. Let o(q) = 0*q**2 - 5*q**2 - q**2 + 9*q + 10 - q**3. Determine o(s).
-4
Let j(v) be the second derivative of -5*v**3/6 + v**2/2 - 10*v. Calculate j(-4).
21
Let h(q) = q**2 - 3*q + 3. Let l be h(3). Let r(f) = 2*f + 4. Give r(l).
10
Let m(q) = 2*q + 2 - q**2 - 2*q + 3*q. Suppose 18 = 3*t - 3*b, -5*b = -b + 12. Suppose 6 = t*l - 0*l. Give m(l).
4
Let y = 4 - 4. Let t = 2 - y. Let m(n) be the second derivative of n**5/20 - n**4/4 - n**3/3 + 3*n**2/2 + n. Calculate m(t).
-5
Let p(v) = v**2 + 2*v - 1. Let k(i) = -i - 6. Let j be k(-3). What is p(j)?
2
Let f(l) = -4*l - 5 + l + 2 + 2*l**2. Let g(u) = 2*u - 3. Let j(z) = -3*z + 6. Let p(h) = 5*g(h) + 3*j(h). Let i be p(0). Calculate f(i).
6
Let z(t) = 4*t**2 + 6*t + 3. Let y(m) = -11*m**2 - 18*m - 9. Let v(a) = -3*y(a) - 8*z(a). Suppose 4*c = 3 - 27. What is v(c)?
3
Let h = 4 - 7. Let j(c) = c**2 - 3*c + 3. Suppose 0 = -2*u - 0*u - 4. Let n(i) = i**2 - i + 1. Let v(m) = u*n(m) + j(m). What is v(h)?
-5
Let x(t) = -t**3 - 3*t**2 - 1. Let w be x(-3). Let o(n) = -n. Calculate o(w).
1
Suppose -2*f + 4 = -0*f. Suppose f = 6*t - 4*t. Let l(u) = 8*u - 1 - 3*u + 0. What is l(t)?
4
Let h(g) = -g**3 - 7*g**2 - 7*g - 4. Suppose 2*c + 3 = u, u = 4*u - c - 4. Suppose -u = w - 5, -w = -4*t - 28. Determine h(t).
2
Let r = 23 - 23. Let f(d) = d**2 + d - 6. What is f(r)?
-6
Let o(p) = p**3 - p**2 + p - 1. Let d(n) = 2*n**2 - 2*n + 2. Let l(r) = d(r) + o(r). Let w = 0 + -3. What is l(w)?
-14
Let g(a) = 5. Suppose -5 = -5*d + 15. Let s(f) = f + 11. Let o(m) = d*s(m) - 9*g(m). Let j be (-4)/(-5)*5/2. Calculate o(j).
7
Let c be 2 + ((-14)/1)/(-2). Suppose 0*x - 3*x - c = 0. Let u be x/12 + 51/12. Let y(p) = -p**3 + 4*p**2 - 3*p + 6. Determine y(u).
-6
Let j(t) = 7*t**2 - 5*t - 13. Let c(r) = -4*r**2 + 3*r + 7. Let a(v) = 5*c(v) + 3*j(v). Calculate a(-4).
12
Let l(q) = 2*q**2 - 8*q + 4. Let f be l(5). Suppose -u - f = -12. Let m(s) = s**3 + 3*s**2 - 2*s - 2. Give m(u).
6
Let j(x) = -3*x**3 + 21*x**2 - 9. Let a(u) = u**3 - 7*u**2 + 3. Let i(s) = -17*a(s) - 6*j(s). Determine i(7).
3
Suppose 0 = a - 2*a + 5. Let n(j) = -3*j - a - 9*j**3 + 5*j**2 + 8*j**3 + 0*j**2. What is n(4)?
-1
Let i(b) = 1. Let q(f) = f - 4. Let x(z) = 6*i(z) + q(z). Let v(o) = 5*o - 2*o - 7 - 7*o. Let h(y) = -2*v(y) - 7*x(y). Give h(0).
0
Let s(x) = x**2 + 5*x - 7. Let n be 10/32*4*-4. What is s(n)?
-7
Let u(d) = -2*d**2 + 3*d + 1. Suppose 2*h + 28 = 6*h. Suppose 1 - h = -2*a. What is u(a)?
-8
Let w = 5 + -3. Let i(x) = 0*x**w + 3*x**3 - 2*x**3 - 2*x**2 - 2*x + 5 - 3*x**2. Determine i(5).
-5
Let h be (-9)/(1 + 2) - 0. Let m(c) = -c**2 - 2*c - 4. Give m(h).
-7
Let s = -23 + 32. Suppose -3*n = -s, -n = -3*r - 2*n - 3. Let l(k) = -k - 2. Calculate l(r).
0
Let o(h) be the third derivative of h**6/180 + h**5/120 - h**4/24 - h**3/6 + 4*h**2. Let k(z) be the first derivative of o(z). Determine k(1).
2
Let c(t) be the second derivative of -t**3/6 + 2*t**2 + 3*t. Suppose 6 + 9 = 5*w. Suppose -w*r = -r. Calculate c(r).
4
Suppose 2*l = 2 - 0. Let p(o) = -o**2 + 0 + l + 1 + 2*o. Calculate p(3).
-1
Let d(a) = -3*a**2 + 17*a - 5. Let l(o) be the first derivative of -o**3/3 + 3*o**2 - 2*o + 2. Let n(h) = -4*d(h) + 11*l(h). Determine n(3).
1
Let b(h) = -h + 1. Suppose 2*a - 11 = 1. Suppose 4*n = -0*s + s - 1, n - 5 = -5*s. Let c(v) = 5*v - 6. Let t(g) = a*b(g) + s*c(g). Calculate t(-2).
2
Let o(p) = p. Suppose -6*h + 4 = -2*h, -3*k - 5*h + 14 = 0. Let g(u) = 4*u**2 - 2*u + 1. Let z(y) = k*o(y) + g(y). Give z(-1).
4
Let u be 0 - (-4)/4 - -11. Let t(c) = c**2 - 13*c + 12. Give t(u).
0
Let j(y) = -y**2 + 5. Suppose -13*r + 12*r = 3*d - 11, 4*r + 36 = 4*d. Give j(d).
-20
Let t(d) = 4*d + 3. Suppose 3*f = -b - 2, -b = -5*f - 20 + 6. Suppose 0 + b = -2*a. Let s(z) = z + 1. Let g(h) = a*t(h) + 9*s(h). What is g(4)?
7
Let b(c) = -5*c - 6. Let d(m) = 6*m + 7. Let s(f) = 5*b(f) + 4*d(f). Let o = 2 - 0. Determine s(o).
-4
Let n be 111/(-6) - 1/2. Let t = -16 - n. Let j(r) = 3*r - 3. What is j(t)?
6
Suppose 8*d = 5*d - 15, 0 = -2*p - 3*d - 29. Let q(g) = g**2 + 7*g - 2. Determine q(p).
-2
Let h(o) = o**2 + o + 3. Let j(u) = -2*u**2 + 18*u + 17. Let c be j(10). Calculate h(c).
9
Let t(c) = -3*c**3 + 8*c**2 - c - 1. Let z = -9 + 5. Let d(q) = 4*q**3 - 9*q**2 + q + 1. Let f(h) = z*d(h) - 5*t(h). What is f(-4)?
-3
Let i = -10 + 14. Let b(a) = 4*a - 7*a + i + 4*a. What is b(-5)?
-1
Suppose w - 8 = m + m, -5*w - 2*m + 4 = 0. Suppose -w - 4 = -2*q. Let f(k) = -5*k**2 + 4 + 5*k**2 + k - k**3 + 2*k**2. Give f(q).
-2
Let u(o) be the third derivative of -o**5/60 - o**4/6 - o**3/3 - 10*o**2. Let r be 2/6 - 13/3. Determine u(r).
-2
Let j(m) = -6*m + 14. Let t(d) = -4*d + 10. Let s(b) = -5*j(b) + 8*t(b). Give s(8).
-6
Let y(c) = 5*c**2 + 3*c - 1. Let w(n) = -11*n**2 - 7*n + 2. Let h(s) = 2*w(s) + 5*y(s). What is h(1)?
3
Let m(v) = -2*v**2 - 3*v - 2. Let z(n) be the third derivative of -n**4/24 + 2*n**3 + 8*n**2. Let w be z(14). Calculate m(w).
-4
Let n(q) be the second derivative of -q**3 + 0 - q + 1/2*q**2. Calculate n(1).
-5
Let x(g) = -3*g**3 + 5*g**2 - 3*g - 10. Let b(i) = 5*i**3 - 7*i**2 + 5*i + 15. Let t(k) = 5*b(k) + 8*x(k). Suppose 0 = -4*f + 2 - 22. What is t(f)?
-10
Let g be 0 + (1 - (-2 - -1)). Let c(y) = 4*y - 3*y + 4 + y**3 - 2 - 1 - 4*y**g. Calculate c(4).
5
Let l(u) = -3*u + 3. Let h be l(2). Let s(j) be the second derivative of j**3/6 - 3*j**2/2 - 6*j. Give s(h).
-6
Let l be ((-95)/15 + 6)*-1*12. Let d(j) = -2*j**2 + 4*j + 4. Give d(l).
-12
Let v = 8 - 6. Let u(a) = -v*a + 0*a - 3*a - 2*a. Suppose -c + 0 + 1 = 4*j, -5*c + 5 = -5*j. Determine u(c).
-7
Let a = -7 - -15. Suppose -2*v + 4*m = v - a, -5*m = 2*v + 33. Let u(w) = -w. Let z(o) = 7*o + 5. Let k(x) = 6*u(x) + z(x). Calculate k(v).
1
Let y = -30 - -25. Let k(z) = z**2 + 4*z - 1. What is k(y)?
4
Let h(i) = -i - 6. Suppose -4 = v - 3. Let a(u) = 1. Let j(b) = v*h(b) - 6*a(b). What is j(-4)?
-4
Let l(z) = z - 8. Let x(i) = i - 15. Let w(n) = 7*l(n) - 4*x(n). Give w(-7).
-17
Let m(i) = -3*i**3 - 5*i**2 + i. Let n(y) = -y**3 - y**2 + y. Let j(s) = -m(s) + 2*n(s). What is j(-1)?
1
Let w(d) = -d**3 - 5*d**2 + 8*d - 3. Let t = 37 - 43. What is w(t)?
-15
Let t(a) = 0*a + 2*a**3 - a - 3*a**3 + a**2 + 4. Let x(h) = h**2 + 23*h + 22. Let q be x(-22). Calculate t(q).
4
Let k(t) = -2*t + 2. Let r be k(4). Let u be 4/(-6) - (-14)/r. Let j(z) = -z + 4. Give j(u).
7
Let i(t) = t. Let p be i(5). Let m(y) = -y + 3. Determine m(p).
-2
Let x(l) = 3*l**3 - 19*l**2 - 9*l. Let y(c) = 2*c**3 - 10*c**2 - 4*c. Let a(f) = -3*x(f) + 5*y(f). Suppose d + 2*d = -18. Determine a(d).
-6
Let u(w) = -3*w**2 - 2*w - 7. Suppose -4*m + 0*y + y = 21, 13 = -2*m + y. Let i(v) = 4*v**2 + 2*v + 8. Let k(z) = m*i(z) - 5*u(z). Determine k(-2).
-5
Let i(d) = -3*d + 1. Let g(k) = -3*k + 2. Let x(a) = 3*g(a) - 2*i(a). Let p(r) = 5*r + 35. Let b be p(-6). Determine x(b).
-11
Let u(c) be the first derivative of -c**2 - c + 12. What is u(1)?
-3
Let j be ((-1)/(-1 + 0))/1. Let b(g) = g + j + 2 + g - g. What is b(3)?
6
Let m = 26 - 21. Let a(i) = i**2 - 7*i + 7. Calculate a(m).
-3
Let s(d) = -d**2 + d + 2. Suppose 0 = -5*y + 5 - 15. Calculate s(y).
-4
Let b(d) = -d. Let x(t) = -t**3 + 4*t**2 + 2*t + 4. Let h(y) = -3*b(y) - x(y). Let f(s) = -s**3 + 4*s**2 + 3. Let k(a) = -6*f(a) - 5*h(a). Give k(5).
2
Let s(p) = -5*p - 6. Let q(j) be the first derivative of -j**2/2 - j + 5. Let k(r) = 6*q(r) - s(r). Calculate k(-6).
6
Let y(d) be the third derivative of d**6/120 - d**3/6 - d**2. Determine y(-1).
-2
Let f(p) = -p + 5. Suppose 26 = 3*d + 4*c + 6, 3*c = -d + 5. Let h be f(d). Let w(m) = -m - 2. What is w(h)?
1
Let q = 5 + -6. Suppose 4*f - k = 3, 0 - 10 = 5*f - 4*k. Let o(w) = 2*w**2 + f*w - 2*w - 6*w**3 + 2*w + 1. Calculate o(q).
7
Let a(q) = 20 + q - 3*q - 19. Give a(3).
-5
Let d(a) be the third derivative of -a**6/120 + a**5/60 + a**4/24 - a**3/2 + 10*a**2. What is d(0)?
-3